ors of x?
2, 3, 7
List the prime factors of ((-6)/8)/(39698/5672 - 7).
709
Let r be (-409)/(-7) + (-20)/(-35). Suppose 275 = 3*f + r. List the prime factors of f.
2, 3
List the prime factors of (-25)/(3 - -2) + 2097/3.
2, 347
Suppose -5*x - 2*u + 300 = 0, 0*u = x + 3*u - 60. Suppose 0 = 3*z - x - 3. Let i = -8 + z. What are the prime factors of i?
13
Let s = 130 + -123. Suppose -9*l = -s*l - 628. List the prime factors of l.
2, 157
Let u = 561 + -357. What are the prime factors of u?
2, 3, 17
Suppose 6*v - 33*v + 29430 = 0. What are the prime factors of v?
2, 5, 109
Suppose -3*u - 4*u + 2324 = 0. Suppose -3*p + u = -2*x, -4*p + x + 111 = -3*p. What are the prime factors of p?
2, 5, 11
Let h be (-1)/(1 + 297/(-296)). Suppose -4*g + h = -336. List the prime factors of g.
2, 79
Let m be (-54)/(-8)*848/6. What are the prime factors of (1 - 2) + m/18?
2, 13
Suppose -3*g = -12*g + 14769. What are the prime factors of g?
3, 547
Let a(z) = 6*z - 8. Let t(s) = -13*s + 15. Let i(p) = 7*a(p) + 3*t(p). Suppose -r - 67 + 77 = 0. What are the prime factors of i(r)?
19
Let b = -41 + 46. Suppose 0 = b*u - 8*u + 99. List the prime factors of u.
3, 11
Let u be 1/(-2)*(-7 + 3). Let b = -25 - -32. Suppose b = u*d - 15. What are the prime factors of d?
11
Let g(l) = -7*l**3 - 7*l**2 - 8*l - 48. List the prime factors of g(-6).
2, 3, 5, 7
Suppose 2*u - 7*u - 45 = 0. Suppose -15 = 3*y - 2*y. Let b = u - y. What are the prime factors of b?
2, 3
Let n(p) = 2*p**2 - 32*p + 312. List the prime factors of n(30).
2, 3
Suppose -3*n + 5 = -1. Let z = 10 + -17. List the prime factors of -1 + (-3 + n - z).
5
Let s = 15 + -12. Suppose 4*v + s*z = 63, -v - 3*z = 4*v - 81. Let c = 29 - v. What are the prime factors of c?
11
Let h be ((-8)/4)/(-1 - 0). Suppose 0*z + 3*z - 351 = -3*f, -z - 2*f = -112. Suppose -2*g + q = -49, -h*q = -0*g - 5*g + z. List the prime factors of g.
2, 3
Let f = 18 - -12. Let z = f - 17. Let x = z - 5. List the prime factors of x.
2
Let j(q) = 2*q - 11. Let v be j(-13). Let c = v - -76. List the prime factors of c.
3, 13
Let d = -1351 - -1946. What are the prime factors of d?
5, 7, 17
Suppose 0 = -f + 4*u + 276, -510 = -3*f + u + 285. Suppose 2*o - t - 521 = 2*t, 2*t = -o + f. What are the prime factors of o?
2, 131
Let w(p) = -p**3 - 42*p**2 - 157*p - 38. List the prime factors of w(-39).
2, 761
Suppose 225 = 18*s - 1359. List the prime factors of s.
2, 11
Suppose k = -2*k + 15. Suppose 0 = 32*n - 34*n + 10. Suppose 0*d - 32 = -n*q + d, k*d = -2*q + 2. List the prime factors of q.
2, 3
Let o be (-13)/(-3) - 8/(-12). Suppose -o*z + k = 155, 2*k = 4*z + 5*k + 143. What are the prime factors of (16/z)/((-2)/52)?
13
Let z(o) = -3*o**2 + 15*o + 68. Let l(d) = 16*d**2 - 74*d - 340. Let w(c) = -2*l(c) - 11*z(c). What are the prime factors of w(-6)?
2, 5, 7
Suppose -5*f - 3*t - 516 = -6091, 4*f + 3*t - 4460 = 0. What are the prime factors of f?
5, 223
Suppose -2*m - 31 = 2*k + 75, k = 3*m - 41. Let z be (-6)/4 - (-2)/4. What are the prime factors of (5 + z)*k/(-8)?
5
Let c(m) = m**2 - 3*m**3 - 2*m - 5 - 2*m**2 + 2*m**3. Let b be (2 + 0)/(1/(-2)). What are the prime factors of c(b)?
3, 17
Suppose -5*x = -0*x - 2*x. Suppose x = y + 5*n - 146, y + 2*n = -y + 300. What are the prime factors of y?
151
Let l(u) = -u**3 - 10*u**2 - 9*u + 8. Let o(m) = -2*m - 2. Let f be o(5). Let d be (f/4)/(2/6). List the prime factors of l(d).
2
Suppose 0*h = 14*h - 56. List the prime factors of h/((-16)/(-572)) + -3.
2, 5, 7
Let q(r) = -2*r**3 + r**2 + r. Let v be q(-1). Suppose -3*m + v*x = -62, -3*m + 4*x - 35 + 105 = 0. What are the prime factors of m?
2, 3
Let d = 4 + -2. List the prime factors of 415/5 + (-1 - d).
2, 5
Suppose 3608 = 5*g - 3562. List the prime factors of g.
2, 3, 239
Suppose -18 = x + g + 3*g, 0 = -3*g - 6. Let k be ((-18)/(-12))/(2/4)*14. Let a = x + k. List the prime factors of a.
2
Let o be 0 - (-6)/3 - -3. Let s = 14 + o. Suppose -2*p = s - 97. List the prime factors of p.
3, 13
Let u(f) = 5*f**2 + f + 3. What are the prime factors of u(-14)?
3, 17, 19
Let h(b) be the third derivative of b**5 - b**4/12 - b**3/6 - 35*b**2. What are the prime factors of h(2)?
5, 47
Let l(f) = f**2 + 7*f + 5. Let k be l(-11). Suppose 2 + k = o. What are the prime factors of o?
3, 17
Let v(p) = 6*p**2 + 13*p + 76. What are the prime factors of v(-9)?
5, 89
Let s be (3/(-9))/((-2)/18). Suppose -9 = s*h, -4*h - 9 = 2*w + h. Suppose -121 = -w*x - 40. What are the prime factors of x?
3
Let o be (0 - 0) + 3 - 11203/(-17). Suppose 0 = k + z - 163, 4*k = -0*z - 2*z + o. What are the prime factors of k?
2, 3, 7
List the prime factors of ((-21)/(-1))/((-7)/3164*-4).
3, 7, 113
Let v(l) = -5*l - 54. Let c be v(-14). Suppose 4*j - 242 = 2*m, 2*j + 3*m - c = 101. List the prime factors of j.
2, 3, 5
Suppose -5*p = -2*t - 1398, -4*p - t = t - 1122. Suppose 3*f + 423 = 3*z, -3*z + 5*f + p = -139. List the prime factors of z.
11, 13
Suppose v - 3*p - 1485 = 0, v - 231 = -p + 1250. List the prime factors of v.
2, 3, 13, 19
Suppose -2*d + 40 + 34 = -3*f, f = 4*d - 138. Let v = d + -22. What are the prime factors of v?
2, 3
Let k(t) = t**3 - 11*t**2 + 17*t - 59. List the prime factors of k(14).
13, 59
Let y(c) = -48*c**2 + 10*c - 19. Let o(d) = 16*d**2 - 3*d + 6. Let n(v) = -11*o(v) - 4*y(v). List the prime factors of n(3).
7, 19
Let j(m) = -52*m**2 + 49*m**2 - m**3 - 1 + 0*m**3 - 3*m**3 - 3*m. Let x be j(-2). Suppose 17*d - 18*d + x = 0. What are the prime factors of d?
5
Let t be 0 - (1 + -4 + 3). Let m be 6/(-2)*(-1 - t). List the prime factors of (33/(-5))/(m/(-15)).
3, 11
Suppose -164 = 5*r + c - 780, -5*r + 632 = -3*c. What are the prime factors of r?
2, 31
Suppose 0 = -2*v - 2*t + t - 432, 2*v = 3*t - 432. Let o = 310 + v. List the prime factors of o.
2, 47
Suppose 4*z = -3*w + 6*w + 36, 20 = 2*z - 2*w. List the prime factors of z/(-9)*(-13)/(52/576).
2, 3
Let c = 3920 + -2239. What are the prime factors of c?
41
Let o = 1565 - -937. List the prime factors of o.
2, 3, 139
Suppose 4*q = -q - 50. Let m = 12 + q. Suppose -n - 48 = -m*x, 7 = 4*n - 1. What are the prime factors of x?
5
Let v(i) = -i**2 - 8*i + 27. Let f be v(-8). What are the prime factors of (98/6)/1 + (-9)/f?
2
Let p(u) = u**3 - 9*u**2 + 10*u + 4. Let y be p(8). Suppose -l - y = -2*l. List the prime factors of l.
2, 5
Let c = -17 - -219. Suppose 4*z + 3*k - k - c = 0, -2*k - 2 = 0. Suppose -2*d - 5*u + z = -0*u, -u + 31 = 2*d. What are the prime factors of d?
13
Let f(j) = -63*j - 4. Let d(t) = -t**3 + t**2 - 3*t - 4. Let m be d(0). What are the prime factors of f(m)?
2, 31
Let j(c) = -c**3 - 5*c**2 - 18*c + 22. List the prime factors of j(-12).
2, 7, 89
Let p = -5 - -12. Let b(x) = 3*x - 17. Let m be b(p). Suppose 2 = -f, -6*f = m*a - 2*f - 100. What are the prime factors of a?
3
Let q(r) = -16*r + 1. Let v be q(-2). Let g be 60/v - 8/(-44). Suppose -c + g = -23. List the prime factors of c.
5
Let n = 16 - 11. Suppose -2*a + 35 = 3*a + n*u, 0 = -5*u + 15. List the prime factors of a/(-20) - (-201)/5.
2, 5
Let y(k) = 54*k**2 - 7*k - 54. What are the prime factors of y(-6)?
2, 3, 7, 23
Let q = 640 + -451. List the prime factors of q.
3, 7
Let a(y) = 35*y + 139. What are the prime factors of a(60)?
2239
Suppose 0*o + 17*o = 45509. What are the prime factors of o?
2677
Suppose 2*q + 0*q + d = 3, 3*d = 5*q - 24. Suppose q*b - 4*o = 24, -b + 3*o = 5*o - 8. What are the prime factors of b/(-48) - (-57)/18?
3
Suppose 2*d - 26 = 2. Suppose -186 = 12*c - d*c. List the prime factors of c.
3, 31
Suppose 3*o + j = -2 + 3, 0 = o - 2*j + 2. Suppose -3*d - 4*g + 9 = g, 5*g = o. List the prime factors of -33*1/(d/(-2)).
2, 11
Let m(i) = i**2 - i - 10. Let d be m(-3). Suppose 0 = -d*r - 4*w - 84, 2*w - 201 = 5*r + 3*w. Let s = -33 - r. What are the prime factors of s?
7
Let m(q) = q - 10. Let l be m(14). Suppose -l*r = 4*f - 2*r - 1170, 4 = 4*r. Suppose 7*j + 20 = 2*j, 2*j = -5*c + f. List the prime factors of c.
2, 3, 5
Let z(p) = 47*p + 227. List the prime factors of z(12).
7, 113
Let x(r) = -r**2 - 6*r - 1. Let j be x(-3). Suppose -7*q + 5*q + j = 0. Suppose 326 = q*i - 3*v, -4*i = -v - 3*v - 328. What are the prime factors of i?
2, 5
Suppose -3*c - 2*l - 86 = -7*c, 4*l = -4*c + 68. Let p(y) = 2*y - 26. What are the prime factors of 